*p. Is v a multiple of 16?
False
Does 4 divide (-95)/(-10)*12/6?
False
Let x(i) = -13*i. Does 26 divide x(-2)?
True
Let t(w) = -35*w. Is t(-6) a multiple of 14?
True
Suppose 4*q = -2*c + 10, -3*q - 5*c + 5 = 2*q. Suppose -1 = q*h - 49. Is h a multiple of 7?
False
Let x be 110/(-4)*(-8)/(-10). Let s be 8/44 - 788/x. Suppose -3*m = -4*m + s. Is 18 a factor of m?
True
Let g = 2 - -1. Suppose 3*j - 2*q - 172 + 37 = 0, g*q = 0. Does 15 divide j?
True
Let d(n) = n**3 + 5*n**2 + 2*n - 3. Let q be d(-3). Suppose -3*x = m - q, -m - 2*x + 1 = -8. Let v = m - -1. Does 5 divide v?
True
Let g(m) = -25*m + 1. Let i be g(-1). Suppose 6 - 16 = -2*c. Suppose -2*b + 67 = -c*o, 4*o + o + i = b. Is 12 a factor of b?
False
Let w(y) be the third derivative of -y**4/24 + 3*y**3/2 + 4*y**2. Let n be w(6). Suppose -n*t - 60 = -8*t. Is t a multiple of 4?
True
Is 29 - (-2)/4*-6 a multiple of 4?
False
Suppose 60 = 2*r - 4*c, 3*c + 90 = 4*r + 5*c. Does 3 divide r?
True
Let t = -12 - -19. Does 2 divide t?
False
Let g(w) = 3*w**3 - w**2 - w + 4. Is 5 a factor of g(3)?
False
Let l = -2 - -5. Suppose d - 4*i = 48, 5*i - 58 = l*d - 181. Is d a multiple of 18?
True
Suppose 0 = 2*m - 103 - 131. Does 15 divide m?
False
Suppose -z = 2*z - 15. Suppose j = -0 - 1, -4*t + 5*j = -z. Suppose t*g = g - 7. Does 4 divide g?
False
Suppose -s + 12 = 5*w, -s - 3*w - 36 = -2*s. Let j = s - -15. Is 14 a factor of j?
True
Is (-5 + -110)/(3/(-1 - 2)) a multiple of 4?
False
Let d(k) = -k**3 + 5*k**2 + 6*k - 2. Let s(b) = 7*b + 1 + 2*b - 5*b. Let q be s(1). Is d(q) a multiple of 13?
False
Suppose -3*z = 5*b - 18, -2*b - 1 + 9 = 2*z. Let r = -17 - -23. Let i = r + b. Does 3 divide i?
True
Let d be 2/(-15)*6*-5. Let k = 19 - d. Is k a multiple of 15?
True
Suppose -y + 342 = 5*m, -216 = -3*m - 0*m + 3*y. Is 16 a factor of m?
False
Let t = 0 - -46. Does 23 divide t?
True
Let z(j) = 4*j - 12*j + 2*j**2 + 3*j - 1. Is 11 a factor of z(4)?
True
Let a(w) = 21*w**3. Let n(o) = o**2 + 5*o - 5. Let p be n(-6). Does 14 divide a(p)?
False
Suppose -3*i + 0*i + 177 = 0. Is 13 a factor of i?
False
Let n(m) = 42*m**2 - 5*m + 2. Is n(2) a multiple of 20?
True
Let r(j) = j**3 - 2*j**2 + 2*j. Let v be r(2). Suppose -v*a - 19 = 1. Let s = a + 11. Is s a multiple of 6?
True
Suppose 0 = -2*s - 5*o + 7, 3*s - 1 = 2*o - 0*o. Suppose 0 = d - s - 1. Suppose 2*l - 27 = -d*f + 3*l, 0 = -4*f - 4*l + 60. Is f a multiple of 13?
False
Let t be 2*1*(-10 + 8). Let l = t - -9. Does 2 divide l?
False
Suppose 5 + 17 = p. Is 22 a factor of p?
True
Let k(r) = -2*r**3 - r**2 - 2*r - 1. Suppose 5*t + 5 = -0. Let w be k(t). Suppose -w*s + 48 = -4. Does 10 divide s?
False
Suppose -5*w = -4*y + 165, -y - 2*y = -4*w - 124. Suppose -y = -2*u - 3*u. Is u even?
True
Suppose -4*o + 251 = -141. Let v = o - 60. Does 12 divide v?
False
Let c be (-4)/18 + 237/(-27). Let n = 20 + c. Is n a multiple of 11?
True
Suppose 0 = 3*f - 3*r - 134 - 4, 3*r + 56 = f. Is 8 a factor of f?
False
Suppose 2*m = s - 79, 5*s + 0*m - 395 = -3*m. Let c = s - 18. Is c a multiple of 18?
False
Let q(s) = s**2 - 3*s - 2. Let x be q(4). Suppose -5*u + u - 3*z = -25, 2*u - 16 = x*z. Does 7 divide u?
True
Let x = -25 + 139. Is 6 a factor of x?
True
Suppose 0 = -4*x - 8, -22 = -0*j - 4*j - 3*x. Let f(b) = -b**3 + 7*b**2 + 4*b - 2. Does 26 divide f(j)?
True
Let m = -24 - -53. Suppose j = m + 10. Does 18 divide j?
False
Suppose 0*m = -m - 4. Let i(n) = -4*n - 4. Let w be i(m). Does 7 divide (2 - 0) + (w - 5)?
False
Let y = 15 - 11. Suppose -5*v - 3*b + 24 = 0, -3*v + 8 = b - y. Suppose -l - 38 = -v*l. Is l a multiple of 10?
False
Suppose 0 = 2*p - 7*p + 15. Suppose p*k - 93 - 51 = 0. Is 16 a factor of k?
True
Suppose 5*f = -2*t + 3*f + 4, 0 = t + 2*f - 4. Suppose t*r = 2*r - 92. Is 13 a factor of r?
False
Suppose 5*k = k + 144. Does 12 divide k?
True
Suppose -4*r + 154 - 2 = 0. Does 13 divide r?
False
Let w(j) = -3*j**3 + j**2 + 2*j - 4. Is 18 a factor of w(-3)?
False
Suppose 0 = -3*d, -u - 2*u = -3*d - 45. Does 2 divide u?
False
Let b(j) = -9*j + 3. Suppose 0 = -4*d + 1 + 7. Suppose -6*m - 20 = -d*m. Is b(m) a multiple of 17?
False
Suppose -3 = -4*p - b + 1, 4 = b. Suppose 3*d - 24 = d + 4*j, p = -4*d - 4*j - 12. Does 14 divide -14*(d - 9/2)?
False
Let f = 228 + -168. Is 30 a factor of f?
True
Let v(t) = t**2 - 2*t. Let h be v(3). Let l = 4 - h. Does 3 divide 6/(l + 0/2)?
True
Let x = 25 + 13. Suppose -x + 14 = -q. Is 6 a factor of q?
True
Let g(f) = -f**2 + 15*f - 12. Let v be g(14). Suppose r - 29 + 9 = 5*l, -v*r - 3*l + 40 = 0. Is 10 a factor of r?
True
Let m = -12 - -48. Is 12 a factor of m?
True
Suppose 5*x + 4*q - 47 = 0, 0 = 4*x + 4*q - 40. Is x - -6 - (2 + -1) a multiple of 6?
True
Let n = -3 - -7. Suppose 4*s + 13 = c - 3, 0 = n*c - s - 64. Is c a multiple of 15?
False
Let f(n) be the second derivative of n**7/1260 + n**6/90 + n**5/20 + n**4/6 + n. Let m(u) be the third derivative of f(u). Is 8 a factor of m(-5)?
True
Let y(x) = -3*x**3 - 3*x**2 + 4 - 2 + 2*x**3. Let m be y(-2). Let g = 11 - m. Does 13 divide g?
True
Suppose -4*z + 120 + 216 = 0. Does 6 divide z?
True
Is (18/4)/(19/380) a multiple of 5?
True
Let a be 6/(-2) + 5*-2. Let d = 22 + a. Is 2 a factor of 16/d - 6/(-27)?
True
Let p = -49 + 74. Does 3 divide p?
False
Let k(o) = 34*o**2 - 2*o + 1. Let h be k(1). Let j be h/9 - (-2)/6. Suppose -j*u - 12 + 44 = 0. Is 3 a factor of u?
False
Suppose -197 = -5*v - 3*x, -3*v - 4*x - 84 = -5*v. Is v a multiple of 40?
True
Suppose 2*k + 31 = 17. Suppose -2*x = -5*x - 60. Is (x/k)/((-18)/(-63)) a multiple of 8?
False
Suppose 5*s - s = -52. Let i = s + 24. Is i a multiple of 11?
True
Suppose 5*p + 3*j = -1335, 2*p + 525 = -5*j + 2*j. Is 8 a factor of p/(-33) + 6/(-33)?
True
Let a be -4 - 2 - (-4)/(-2). Is 1*(-1 + 2 - a) a multiple of 9?
True
Suppose -5 = -3*r + 55. Is r a multiple of 7?
False
Let o be 1/(15/(-9) + 2). Suppose -2*d - o*w + 41 = 0, 5*w + 15 = d + w. Does 19 divide d?
True
Is 14 a factor of (4 + 2 + 11)/1?
False
Suppose -55 = -2*d + 4*n + 49, -3 = -3*n. Is 22 a factor of d?
False
Let n(i) = 6*i - 6. Let j be n(6). Suppose h - 82 = -j. Is h a multiple of 13?
True
Suppose 14 = -5*g - 11. Let n = g - -5. Suppose 0 = -2*b - 2, n = -5*s - 4*b - 0*b + 31. Is 6 a factor of s?
False
Let m(y) = 3*y + 4 + 5 + 2*y. Is m(7) a multiple of 11?
True
Does 3 divide -1 + -3 + 2 - -9?
False
Let h = 9 + -16. Let u(s) = s**2 + 7*s + 1. Let l be u(h). Is 12 a factor of (1/l - 2)*-24?
True
Let v be 2 - (35 + (4 - 1)). Let g be 362/9 + 8/v. Let y = -28 + g. Does 12 divide y?
True
Let y = -10 + 17. Is 2 a factor of y?
False
Let k = 19 - 29. Let h = k - -17. Is 6 a factor of h?
False
Let l be -3 - (-5 + 2 + -4). Is 13 a factor of 101/l + 9/12?
True
Let z = 0 - -3. Let p be (0 - 3)/((-3)/15). Suppose 0 = l - p - z. Is l a multiple of 9?
True
Suppose -3*u + a - 40 = 0, 5*u - 3*a + 16 = -52. Suppose -2*o - 101 = -5*r, 0*r - 4*r - o = -73. Let l = r + u. Is 6 a factor of l?
True
Let m(l) = -l**2 - 11*l - 7. Let z(y) = 3*y + 4. Let p be z(-3). Let g(b) = b**3 + 5*b**2 + 3*b + 7. Let w be g(p). Is m(w) a multiple of 17?
True
Suppose 35 - 7 = -4*z. Let r = z + 12. Is 5 a factor of r?
True
Is 7 a factor of 1/4 + (-2565)/(-76)?
False
Suppose 4*p + 5*o = 146, 25 = -3*p - 3*o + 136. Is (-6)/p + 290/26 a multiple of 11?
True
Suppose 5*x = -4*n + 51, -2*n + 4*x = -n + 3. Suppose -n*z + 4*z + 445 = 0. Does 13 divide z?
False
Suppose -5*v + 19 = 3*m, -3*m = -5 - 4. Let f = v + 8. Does 4 divide f?
False
Suppose 2*n = -4, r + 41 = -0*n - 5*n. Let m = r - -64. Is 11 a factor of m?
True
Let x(m) = m + 5. Let r be x(0). Suppose 4*l - p + 350 = 0, r*l - 7*p + 441 = -4*p. Does 19 divide (2 + 1)*l/(-9)?
False
Is 3 a factor of (-90)/50*(-35)/1?
True
Is 13 a factor of (-7)/(5/130*-2)?
True
Let w(h) = -h**2 + 5*h + 2. Let v be w(6). Let a = -37 + -18. Let d = v - a. Is d a multiple of 21?
False
Let l be 615/10 - (-1)/(-2). Suppose 0 = -4*a + l + 39. Let i = -11 + a. Is i a multiple of 10?
False
Let g = -21 + 33. Suppose 5*r - 3*c = g, 0 = r - c - 2. Suppose -2*i - r*i + 90 = 0. Is i a multiple of 18?
True
Suppose 0 = c + 3*c - 12. Let z be (-2)/(2*(c + -2)). Does 16 divide (-8)/((1 - z)/(-4))?
True
Suppose s = -s + 24. Is 4 a factor of 2*(s/3 - 2)?
True
Let x(c) = -c + 9. Let g be x(6). Suppose -5*k = -o + 